
What is the ten millions digit of 158315072?
5
What is the thousands digit of 44496791?
6
What is the hundred thousands digit of 535476060?
4
What is the hundreds digit of 919452420?
4
What is the hundred thousands digit of 23002560?
0
What is the thousands digit of 309016954?
6
What is the hundred thousands digit of 4449541?
4
What is the thousands digit of 713677803?
7
What is the units digit of 49222211?
1
What is the hundred thousands digit of 818560835?
5
What is the hundred thousands digit of 36660973?
6
What is the hundred millions digit of 225576630?
2
What is the tens digit of 16346338?
3
What is the thousands digit of 560879690?
9
What is the hundred millions digit of 978440988?
9
What is the ten millions digit of 1480031386?
8
What is the hundred thousands digit of 239467049?
4
What is the units digit of 29887701?
1
What is the millions digit of 55615778?
5
What is the ten millions digit of 135243230?
3
What is the hundred thousands digit of 422678918?
6
What is the millions digit of 1545679806?
5
What is the hundreds digit of 2003906243?
2
What is the ten thousands digit of 301259889?
5
What is the millions digit of 424369350?
4
What is the thousands digit of 2366561590?
1
What is the tens digit of 1205387666?
6
What is the units digit of 44609065?
5
What is the ten millions digit of 1675852492?
7
What is the tens digit of 191805290?
9
What is the ten millions digit of 2648446815?
4
What is the tens digit of 2344008984?
8
What is the ten thousands digit of 854544673?
4
What is the hundred thousands digit of 26300132?
3
What is the billions digit of 1796799396?
1
What is the millions digit of 2283872818?
3
What is the thousands digit of 107897402?
7
What is the units digit of 2085212489?
9
What is the units digit of 125057488?
8
What is the ten millions digit of 126245729?
2
What is the thousands digit of 46474087?
4
What is the ten millions digit of 5291871510?
9
What is the hundred thousands digit of 210592328?
5
What is the hundred thousands digit of 1015257624?
2
What is the hundred millions digit of 978255776?
9
What is the thousands digit of 105253511?
3
What is the units digit of 92830371?
1
What is the units digit of 6500618785?
5
What is the hundreds digit of 4282814662?
6
What is the ten millions digit of 1676523670?
7
What is the hundred millions digit of 323639261?
3
What is the ten millions digit of 11643743?
1
What is the hundred thousands digit of 32923810?
9
What is the thousands digit of 468798071?
8
What is the ten thousands digit of 724656696?
5
What is the millions digit of 45709916?
5
What is the hundred thousands digit of 418894012?
8
What is the ten millions digit of 4049501253?
4
What is the hundreds digit of 2290426?
4
What is the units digit of 148431065?
5
What is the ten millions digit of 144650552?
4
What is the tens digit of 268521217?
1
What is the billions digit of 2061637941?
2
What is the millions digit of 338721625?
8
What is the thousands digit of 327928942?
8
What is the millions digit of 2302761006?
2
What is the hundred millions digit of 244810088?
2
What is the hundred thousands digit of 1661746829?
7
What is the hundred millions digit of 146641523?
1
What is the ten millions digit of 2834876418?
3
What is the hundred thousands digit of 802832460?
8
What is the units digit of 102512163?
3
What is the ten thousands digit of 8261582506?
8
What is the ten millions digit of 515407857?
1
What is the thousands digit of 310442407?
2
What is the ten thousands digit of 13468733?
6
What is the millions digit of 10101168?
0
What is the millions digit of 1474461466?
4
What is the hundreds digit of 45516078?
0
What is the ten millions digit of 126818152?
2
What is the hundreds digit of 67311444?
4
What is the tens digit of 404076051?
5
What is the tens digit of 577242354?
5
What is the tens digit of 42342994?
9
What is the hundreds digit of 2132354142?
1
What is the ten thousands digit of 2452198181?
9
What is the ten thousands digit of 119230234?
3
What is the ten millions digit of 26495162?
2
What is the millions digit of 6304350602?
4
What is the ten thousands digit of 1476266619?
6
What is the hundreds digit of 35931218?
2
What is the thousands digit of 1944252755?
2
What is the units digit of 3436368757?
7
What is the units digit of 23223546?
6
What is the ten millions digit of 1445049784?
4
What is the thousands digit of 686071134?
1
What is the millions digit of 90957406?
0
What is the units digit of 191397840?
0
What is the tens digit of 880459059?
5
What is the units digit of 9548768?
8
What is the units digit of 24072396?
6
What is the hundred thousands digit of 51087904?
0
What is the units digit of 167352305?
5
What is the hundred thousands digit of 52671697?
6
What is the hundred thousands digit of 94436451?
4
What is the thousands digit of 894957255?
7
What is the tens digit of 93925037?
3
What is the thousands digit of 5295721?
5
What is the hundred thousands digit of 239662159?
6
What is the units digit of 128770393?
3
What is the units digit of 36103600?
0
What is the hundred thousands digit of 20546976?
5
What is the millions digit of 5453666?
5
What is the hundreds digit of 4350553031?
0
What is the hundreds digit of 29221566?
5
What is the billions digit of 2143340611?
2
What is the hundred thousands digit of 4540382087?
3
What is the billions digit of 2834569235?
2
What is the hundreds digit of 1755831814?
8
What is the hundreds digit of 77604869?
8
What is the hundreds digit of 924301505?
5
What is the units digit of 75630275?
5
What is the ten thousands digit of 234136405?
3
What is the units digit of 117391519?
9
What is the millions digit of 124635344?
4
What is the hundreds digit of 370725219?
2
What is the ten thousands digit of 1718488889?
8
What is the thousands digit of 82131634?
1
What is the hundred thousands digit of 765339147?
3
What is the tens digit of 533344994?
9
What is the thousands digit of 350441995?
1
What is the hundred millions digit of 8192561227?
1
What is the tens digit of 16278030?
3
What is the thousands digit of 1785970391?
0
What is the units digit of 95364740?
0
What is the ten thousands digit of 90538576?
3
What is the hundred thousands digit of 42435292?
4
What is the thousands digit of 773952117?
2
What is the hundreds digit of 270331829?
8
What is the units digit of 1903816148?
8
What is the millions digit of 53346593?
3
What is the millions digit of 1017347993?
7
What is the thousands digit of 84687377?
7
What is the hundred thousands digit of 3213818132?
8
What is the units digit of 47541759?
9
What is the ten thousands digit of 307098763?
9
What is the tens digit of 489570496?
9
What is the millions digit of 37490919?
7
What is the hundreds digit of 80926734?
7
What is the hundreds digit of 124485685?
6
What is the hundreds digit of 464781254?
2
What is the millions digit of 43058421?
3
What is the thousands digit of 19901905?
1
What is the ten thousands digit of 1943695393?
9
What is the ten millions digit of 90398132?
9
What is the hundred millions digit of 511273914?
5
What is the tens digit of 116443577?
7
What is the hundred millions digit of 505572023?
5
What is the tens digit of 101863504?
0
What is the tens digit of 439263705?
0
What is the hundred thousands digit of 94894591?
8
What is the ten thousands digit of 1601736199?
3
What is the units digit of 1025130661?
1
What is the units digit of 337486426?
6
What is the hundreds digit of 70197370?
3
What is the ten thousands digit of 72120491?
2
What is the tens digit of 4448328125?
2
What is the ten millions digit of 426502404?
2
What is the units digit of 899722463?
3
What is the thousands digit of 957673869?
3
What is the hundred thousands digit of 60718649?
7
What is the ten millions digit of 12532152?
1
What is the hundred millions digit of 2249231078?
2
What is the hundred millions digit of 3131474738?
1
What is the hundreds digit of 19853190?
1
What is the hundreds digit of 108133503?
5
What is the ten thousands digit of 4152873428?
7
What is the ten thousands digit of 468441122?
4
What is the ten thousands digit of 209888243?
8
What is the tens digit of 2756302734?
3
What is the units digit of 418924282?
2
What is the hundred thousands digit of 113733798?
7
What is the ten thou